uppose -307 = 5*b - 1602. Suppose 2*h + 5*y = 8 + 34, -4*h - 2*y + 100 = 0. Calculate the remainder when b is divided by h.
25
Let q(a) = -2 + 6*a + 0*a + 8*a. What is the remainder when q(1) is divided by 5?
2
Suppose -18*o = -10*o + 720. Suppose 2*r = -q - 11, -q - 10 = 3*r + 7. Calculate the remainder when 21 is divided by (4/r)/(5/o).
9
Let b(n) = 52*n + 19. Calculate the remainder when 89 is divided by b(0).
13
Let y(k) = -4*k**3 + 7*k**2 + 4*k. Let q(j) = -11*j**3 + 21*j**2 + 11*j - 1. Let o(p) = 3*q(p) - 8*y(p). What is the remainder when 9 is divided by o(7)?
1
What is the remainder when (-17 + 2)*25/(-3) is divided by 21?
20
Calculate the remainder when 29 is divided by (-900)/(-114) - (-10)/95.
5
Suppose 1206 - 5001 = -5*u. Suppose u = -3*q - 297. Calculate the remainder when 50 is divided by q/(-20) + (-3)/5.
16
What is the remainder when 112 is divided by (16/(-40))/(2/(-175))?
7
Suppose -3*u + 79 = 28. Let i(k) = -193*k**2 + 173*k**2 - k**3 + 11 + 2*k**3 + 21*k. Calculate the remainder when i(19) is divided by u.
15
Suppose 5*s = -0*s + 5*x + 135, 0 = -4*s - 2*x + 126. Calculate the remainder when 55 is divided by s.
25
Let p = -20 + 26. Let s = 19 + 11. Suppose l - 34 = -i - 2*i, 3*i - s = 3*l. What is the remainder when i is divided by p?
5
Suppose -4*b = -16, 260*b = -4*y + 263*b + 80. What is the remainder when y is divided by 4?
3
Suppose -2 = r, -3*g = 4*r - 2 - 5. Suppose -3*h + 104 = -h. Suppose 3*a - 2 = 5*w - h, 4*a + 41 = 3*w. Calculate the remainder when w is divided by g.
2
Suppose 2*v - 180 = -3*i, 6*v - 239 = -4*i + 3*v. Calculate the remainder when 185 is divided by i.
61
What is the remainder when -2 + 193 + (4 - -1) is divided by 20?
16
Let m = -12 + 15. Suppose -m*a = 5*r - 21, 5*a + 4 = 4*r + 2. Suppose 2*g - r*g = -8. Calculate the remainder when 22 is divided by g.
6
Calculate the remainder when (64/(-12))/(20/(-180)) is divided by 40.
8
Let o(g) be the first derivative of 2*g**3/3 - 4*g - 14. Calculate the remainder when 14 is divided by o(2).
2
Let x(r) = -4*r - 29. Let s(j) = -j**3 + 3*j**2 + 3*j - 10. Let m be s(4). What is the remainder when x(m) is divided by 13?
1
Let x = 52 - -10. What is the remainder when 242 is divided by x?
56
Suppose -6*p = 44 - 8. What is the remainder when 47 is divided by (-96)/20*15/p?
11
Suppose 0 = 3*m + 2*m - 10. Let w(f) = 8*f**3 - f**2 - f - 1. Calculate the remainder when w(m) is divided by 20.
17
Let k = -79 - -85. Let t(i) = i**2 + 3*i - 20. Calculate the remainder when t(k) is divided by 19.
15
Suppose v - 5*v + 368 = 0. Suppose 3*g + 17 = v. Suppose -5*n - 61 = -3*t + 3, 0 = 3*t + 3*n - 24. What is the remainder when g is divided by t?
12
Let y = 94 - 19. Let p(m) = -28*m**2 + 1. Let l be p(-1). Let z = -8 - l. What is the remainder when y is divided by z?
18
Let d = 722 - 268. Calculate the remainder when d is divided by 76.
74
Let q be (-44)/2 - (-4 - -2). Let g = 53 + q. What is the remainder when g is divided by 7?
5
Suppose 0 = 11*b + 11*b - 660. What is the remainder when b is divided by 26?
4
Let b(w) = w**3 - 8*w**2 + 17*w - 18. Calculate the remainder when 86 is divided by b(7).
34
Suppose -10*d = -5*d - 425. What is the remainder when d is divided by (-4)/((-8)/6*3/22)?
19
Suppose 0 = -5*y, -2*i + 6*i = -2*y + 144. Calculate the remainder when 209 is divided by i.
29
Let l = -32 + 191. Suppose 3*m = 2*m + 1, -5*m = 2*j - l. Calculate the remainder when j is divided by 20.
17
Let b be 15/10*(2 - -2). Suppose 7*j - 7 = b*j. What is the remainder when 65/2 - (-1)/(-2) is divided by j?
4
Let y = 1148 + -1023. What is the remainder when y is divided by 43?
39
Let q be (-5)/((-20)/24) - 0. Let d = q - -6. Suppose -2*k + 6*k = 184. Calculate the remainder when k is divided by d.
10
Let h be (-10)/(-4 + (1 - -2) + -1). What is the remainder when 48 is divided by h + -2 + -2 + 24?
23
Let c be (10/(-15))/(1/24). Let k = c - -30. Let z = 44 - 18. What is the remainder when z is divided by k?
12
Suppose -434 = -11*c + 2019. What is the remainder when c is divided by 45?
43
Suppose -2*c + 21 = -3*u + 64, 3*u - 37 = -c. Let v(o) = o**3 - o**2 - 8*o + 4. Calculate the remainder when v(5) is divided by u.
12
Calculate the remainder when 2/16 + 3 + 1173/24 is divided by (6/(-8))/(3/(-72)).
16
Let t be -1*(-4)/(-6)*18/4. What is the remainder when 31 is divided by 9 - (t - (1 - 4))?
4
Let q(l) = l - 5. Let j(c) = -c**2 - 18*c + 2. Suppose -h = 5*v + 23, -2*v = 3*h - v + 55. Calculate the remainder when j(h) is divided by q(6).
0
Suppose 83 - 8 = 5*j - 4*o, 0 = 4*o. Suppose -j - 55 = -5*t. Suppose -22*r + 2012 = 1440. What is the remainder when r is divided by t?
12
Let i(r) = 6199*r**3 + 3*r**2 + 2*r. Let l be i(-1). Calculate the remainder when (-1)/8 - l/48 is divided by 33.
30
Let h = 312 + -244. Calculate the remainder when h is divided by 12.
8
Suppose -4*w = -2*v - 84, 4*v + 27 = 3*w - 26. Let d = 44 - w. Suppose -d = -6*m + 51. What is the remainder when 22 is divided by m?
10
Suppose 2*h - 2*y = 158, 2*h - 7*y + 6*y = 159. Calculate the remainder when 249 is divided by h.
9
Let p = -356 + 383. Calculate the remainder when p is divided by 18.
9
Let i = 272 - 215. Calculate the remainder when 1253 is divided by i.
56
Let o = -520 - -761. What is the remainder when o is divided by 19?
13
Let s(g) = -g - 1. Let h(y) = y + 1. Let b(z) = -4*h(z) - 3*s(z). Let p(u) = -u**2 + 12*u + 25. Let w be p(14). What is the remainder when 7 is divided by b(w)?
1
Suppose 27*d - 216 = 9*d. Calculate the remainder when 123 is divided by d.
3
Suppose 3*c + c - 36 = -2*l, 0 = -4*l + 3*c + 17. Suppose 0*z = 2*z - 8. Calculate the remainder when 64/z - (0 + 1) is divided by l.
7
Let c(y) = y**3 - 15*y**2 - 30*y - 11. Let j be c(17). Let r = j + -45. What is the remainder when 50 is divided by r?
2
Let w(s) = -s**3 + 13*s**2 + 2*s - 6. Suppose 2*i + i - 9 = 0. Suppose -c - 22 = -i*c. Calculate the remainder when w(13) is divided by c.
9
Let m be (4 + 0)*(0 + 1). Let o = m + 7. Let s(j) = -33*j - 260. Calculate the remainder when o is divided by s(-8).
3
Suppose -54 - 6 = 2*w. Let y = w - -77. Suppose -4*i - 24 = -6*i. Calculate the remainder when y is divided by i.
11
Suppose 0 = -5*n - 4*v + 816 + 258, -2 = -2*v. What is the remainder when n is divided by 18?
16
Suppose -16*h + 17 = -y - 21*h, 4*y = 4*h + 28. Calculate the remainder when 14 is divided by y.
2
Let i be (-1)/5 - 52/(-10). Suppose 0 = 3*h + i - 35. Suppose 5*l - 65 = -h. Calculate the remainder when 30 is divided by l.
8
Let k(u) be the first derivative of 5*u**3 - u - 3 - 3 - 3 - u**2 - 3*u**3. Calculate the remainder when 72 is divided by k(2).
15
Let w(i) = 4*i - 1. Let q be (-8)/(-7)*(-42)/(-12). Suppose 6*u - 2*u - 16 = 0. Calculate the remainder when w(q) is divided by u.
3
Let b(x) = -16*x + 4. Let f be b(-6). Suppose -f = -4*a - 2*j, -5*a + 4*j + 47 = -65. What is the remainder when a is divided by 14?
10
Suppose -5*n + 9 = j - 5, 0 = 3*n + 3*j - 6. Suppose -2*f = f - 4*p + 17, n*f - 5*p + 22 = 0. What is the remainder when 10 is divided by 6*(f + (-2)/4)?
1
Let c be -1 + (1 - (-246 + 0)). Let t = c - 176. Suppose 4*w - t = -w. What is the remainder when 25 is divided by w?
11
Let o(z) = z**2 - z - 1. Let f be o(3). Let p = 3 - f. Calculate the remainder when 20 is divided by (-1)/p - (-15)/2.
4
Let h(z) = z**2 + 29*z + 106. Suppose -5*u = 5*o + 10, 2*o - 2*u = 7*o - 2. What is the remainder when h(-25) is divided by o?
0
Let f = -14 + 22. Suppose 0 = 7*j - f - 55. Calculate the remainder when 17 is divided by j.
8
Let s = 29 - 26. Suppose q - 67 = -5*u - 2*q, 3*q = -s*u + 45. What is the remainder when 42 is divided by u?
9
Let a = 25 - 13. What is the remainder when (-970)/(-14) - (-10)/(-35) is divided by 8/a + (-140)/(-6)?
21
Let j(u) = 3*u**2 + 18*u - 125. Calculate the remainder when j(5) is divided by 10.
0
Let w(o) = 88*o**2 + 4*o - 3. Calculate the remainder when w(2) is divided by 109.
30
Let p = 14 + -12. Suppose p*c - c = 3. Suppose -c*u + 0*u + 111 = 0. What is the remainder when u is divided by 10?
7
Let u = -3 + 7. Suppose 3*x = -6 + 72. Calculate the remainder when x is divided by u.
2
Let p be 14/6 + 4/6. Suppose -p*i - 2*i = -1180. Suppose -y + i = 3*y. What is the remainder when y is divided by 